{"id":863,"date":"2017-11-30T11:30:07","date_gmt":"2017-11-30T09:30:07","guid":{"rendered":"http:\/\/storker.hu\/hrvatski\/?post_type=product&#038;p=863"},"modified":"2021-02-11T14:26:31","modified_gmt":"2021-02-11T12:26:31","slug":"type-mcm-microprocessor-control-unit","status":"publish","type":"product","link":"https:\/\/storker.hu\/hrvatski\/product\/type-mcm-microprocessor-control-unit\/","title":{"rendered":"Type MCm (microprocessor control unit)"},"content":{"rendered":"\n<style type=\"text\/css\" data-created_by=\"avia_inline_auto\" id=\"style-css-av-av_one_full-826c1c0ca2001783299b013bb6b50dff\">\n.flex_column.av-av_one_full-826c1c0ca2001783299b013bb6b50dff{\nborder-radius:0px 0px 0px 0px;\n-webkit-border-radius:0px 0px 0px 0px;\n-moz-border-radius:0px 0px 0px 0px;\n}\n<\/style>\n<div class='flex_column av-av_one_full-826c1c0ca2001783299b013bb6b50dff av_one_full  avia-builder-el-0  el_before_av_one_full  avia-builder-el-first  first flex_column_div av-zero-column-padding '   ><style type=\"text\/css\" data-created_by=\"avia_inline_auto\" id=\"style-css-av-av_image-47b38f81255a9c00ddc6cb2696672dc6\">\n.avia-image-container.av-av_image-47b38f81255a9c00ddc6cb2696672dc6 .av-image-caption-overlay-center{\ncolor:#ffffff;\n}\n<\/style>\n<div  class='avia-image-container av-av_image-47b38f81255a9c00ddc6cb2696672dc6 av-styling- av-hover-grow avia-align-center  avia-builder-el-1  avia-builder-el-no-sibling  '  itemprop=\"image\" itemscope=\"itemscope\" itemtype=\"https:\/\/schema.org\/ImageObject\" ><div class=\"avia-image-container-inner\"><div class=\"avia-image-overlay-wrap\"><a href=\"https:\/\/storker.hu\/hrvatski\/wp-content\/uploads\/mcm-control.jpg\" data-srcset=\"https:\/\/storker.hu\/hrvatski\/wp-content\/uploads\/mcm-control.jpg 960w, https:\/\/storker.hu\/hrvatski\/wp-content\/uploads\/mcm-control-600x338.jpg 600w, https:\/\/storker.hu\/hrvatski\/wp-content\/uploads\/mcm-control-300x169.jpg 300w, https:\/\/storker.hu\/hrvatski\/wp-content\/uploads\/mcm-control-768x432.jpg 768w, https:\/\/storker.hu\/hrvatski\/wp-content\/uploads\/mcm-control-705x397.jpg 705w\" data-sizes=\"(max-width: 960px) 100vw, 960px\" class='avia_image' ><img width=\"960\" height=\"540\" class='wp-image-864 avia-img-lazy-loading-not-864 avia_image' src=\"https:\/\/storker.hu\/hrvatski\/wp-content\/uploads\/mcm-control.jpg\" alt='mcm vez\u00e9rl\u0151egys\u00e9g' title=''  itemprop=\"thumbnailUrl\" srcset=\"https:\/\/storker.hu\/hrvatski\/wp-content\/uploads\/mcm-control.jpg 960w, https:\/\/storker.hu\/hrvatski\/wp-content\/uploads\/mcm-control-600x338.jpg 600w, https:\/\/storker.hu\/hrvatski\/wp-content\/uploads\/mcm-control-300x169.jpg 300w, https:\/\/storker.hu\/hrvatski\/wp-content\/uploads\/mcm-control-768x432.jpg 768w, https:\/\/storker.hu\/hrvatski\/wp-content\/uploads\/mcm-control-705x397.jpg 705w\" sizes=\"(max-width: 960px) 100vw, 960px\" \/><\/a><\/div><\/div><\/div><\/div>\n\n<style type=\"text\/css\" data-created_by=\"avia_inline_auto\" id=\"style-css-av-av_one_full-826c1c0ca2001783299b013bb6b50dff\">\n.flex_column.av-av_one_full-826c1c0ca2001783299b013bb6b50dff{\nborder-radius:0px 0px 0px 0px;\n-webkit-border-radius:0px 0px 0px 0px;\n-moz-border-radius:0px 0px 0px 0px;\n}\n<\/style>\n<div class='flex_column av-av_one_full-826c1c0ca2001783299b013bb6b50dff av_one_full  avia-builder-el-2  el_after_av_one_full  el_before_av_promobox  first flex_column_div av-zero-column-padding column-top-margin'   ><section  class='av_textblock_section av-av_textblock-2de302bf1aa3cf4c9157dbe6f50ac7eb '  itemscope=\"itemscope\" itemtype=\"https:\/\/schema.org\/CreativeWork\" ><div class='avia_textblock '  itemprop=\"text\" ><h3 style=\"text-align: justify;\">Type MCm (microprocessor control unit)<\/h3>\n<p style=\"text-align: justify;\">KOCH microprocessor control unit for 4 or 8 stations.<\/p>\n<p><strong>Key features:<\/strong><\/p>\n<ul>\n<li>Easy and user-friendly to operate<\/li>\n<li>Clearly laid-out operating panel with keyboard and text display<\/li>\n<li>All the operating data is stored and can be retrieved at any time<\/li>\n<li>Memory for up to 100 recipes<\/li>\n<li>Programmes for new and ground materialInterface to an external data processing system or a printer<\/li>\n<\/ul>\n<p style=\"text-align: justify;\">The device controls and monitors all the workflows you specify. You enter the material to be processed into the unit and follow that with the required percentages. KOCH\u2019s MCm control system calculates the exact feed rate automatically. All the operating data is stored in an internal memory for retrieval at any time. This is particularly important if there is an obligation to provide proof of standards in certified businesses.<\/p>\n<\/div><\/section><\/div>\n\n<style type=\"text\/css\" data-created_by=\"avia_inline_auto\" id=\"style-css-av-av_promobox-4cb9ace5300e0a6b73ce921684e47143\">\n.av_promobox.av-av_promobox-4cb9ace5300e0a6b73ce921684e47143{\ncolor:#686868;\nbackground:#c5e0f0;\n}\n<\/style>\n<div  class='av_promobox av-av_promobox-4cb9ace5300e0a6b73ce921684e47143 avia-button-yes  avia-builder-el-4  el_after_av_one_full  el_before_av_product_upsells  '><div class='avia-promocontent'><p>\nFor more information please visit this website:<\/p>\n<\/div><div  class='avia-button-wrap avia-button-right ' >\n<style type=\"text\/css\" data-created_by=\"avia_inline_auto\" id=\"style-css-av-av_button-b53164bdf2289e6dc89cd37d04f04b07\">\n#top #wrap_all .avia-button.av-av_button-b53164bdf2289e6dc89cd37d04f04b07{\nbackground-color:#0093dd;\nborder-color:#0093dd;\ncolor:#ffffff;\ntransition:all 0.4s ease-in-out;\n-webkit-transition:all 0.4s ease-in-out;\n-moz-transition:all 0.4s ease-in-out;\n-ms-transition:all 0.4s ease-in-out;\n-o-transition:all 0.4s ease-in-out;\n}\n<\/style>\n<a href='https:\/\/koch-technik.com\/national\/'  class='avia-button av-av_button-b53164bdf2289e6dc89cd37d04f04b07 avia-icon_select-yes-left-icon avia-size-large avia-position-right ' ><span class='avia_button_icon avia_button_icon_left' aria-hidden='true' data-av_icon='\ue889' data-av_iconfont='entypo-fontello'><\/span><span class='avia_iconbox_title' >Click here!<\/span><\/a><\/div><\/div>\n<div  class='av-woo-product-related-upsells  avia-builder-el-5  el_after_av_promobox  avia-builder-el-last '><div class='product_column product_column_3'>\n\t<section class=\"related products\">\n\n\t\t\t\t\t<h2>Related products<\/h2>\n\t\t\t\t\n\t\t<ul class=\"products columns-3\">\n\n\t\t\t\n\t\t\t\t\t<li class=\"product type-product post-876 status-publish first instock product_cat-conveying product_cat-koch-technik has-post-thumbnail virtual product-type-simple\">\n\t<div class='inner_product main_color wrapped_style noLightbox  av-product-class-minimal'><div class='thumbnail_container'><img width=\"300\" height=\"300\" src=\"https:\/\/storker.hu\/hrvatski\/wp-content\/uploads\/nagy-szallito-300x300.jpg\" class=\"wp-image-877 avia-img-lazy-loading-877 attachment-shop_catalog size-shop_catalog wp-post-image\" alt=\"\" loading=\"lazy\" srcset=\"https:\/\/storker.hu\/hrvatski\/wp-content\/uploads\/nagy-szallito-300x300.jpg 300w, https:\/\/storker.hu\/hrvatski\/wp-content\/uploads\/nagy-szallito-100x100.jpg 100w, https:\/\/storker.hu\/hrvatski\/wp-content\/uploads\/nagy-szallito-80x80.jpg 80w, https:\/\/storker.hu\/hrvatski\/wp-content\/uploads\/nagy-szallito-36x36.jpg 36w, https:\/\/storker.hu\/hrvatski\/wp-content\/uploads\/nagy-szallito-180x180.jpg 180w\" sizes=\"(max-width: 300px) 100vw, 300px\" \/><span class='cart-loading'><\/span><\/div><div class='inner_product_header'><div class='avia-arrow'><\/div><div class='inner_product_header_table'><div class='inner_product_header_cell'><\/div><\/div><\/div><\/div><\/li>\n\n\t\t\t\n\t\t\t\t\t<li class=\"product type-product post-782 status-publish instock product_cat-direct-coloring-units product_cat-koch-technik has-post-thumbnail virtual product-type-simple\">\n\t<div class='inner_product main_color wrapped_style noLightbox  av-product-class-minimal'><div class='thumbnail_container'><img width=\"300\" height=\"300\" src=\"https:\/\/storker.hu\/hrvatski\/wp-content\/uploads\/direct-coloring-300x300.jpg\" class=\"wp-image-783 avia-img-lazy-loading-783 attachment-shop_catalog size-shop_catalog wp-post-image\" alt=\"Koch technik\" loading=\"lazy\" srcset=\"https:\/\/storker.hu\/hrvatski\/wp-content\/uploads\/direct-coloring-300x300.jpg 300w, https:\/\/storker.hu\/hrvatski\/wp-content\/uploads\/direct-coloring-100x100.jpg 100w, https:\/\/storker.hu\/hrvatski\/wp-content\/uploads\/direct-coloring-80x80.jpg 80w, https:\/\/storker.hu\/hrvatski\/wp-content\/uploads\/direct-coloring-36x36.jpg 36w, https:\/\/storker.hu\/hrvatski\/wp-content\/uploads\/direct-coloring-180x180.jpg 180w\" sizes=\"(max-width: 300px) 100vw, 300px\" \/><span class='cart-loading'><\/span><\/div><div class='inner_product_header'><div class='avia-arrow'><\/div><div class='inner_product_header_table'><div class='inner_product_header_cell'><\/div><\/div><\/div><\/div><\/li>\n\n\t\t\t\n\t\t\t\t\t<li class=\"product type-product post-859 status-publish last instock product_cat-koch-technik product_cat-mixing-and-dosing has-post-thumbnail virtual product-type-simple\">\n\t<div class='inner_product main_color wrapped_style noLightbox  av-product-class-minimal'><div class='thumbnail_container'><img width=\"300\" height=\"300\" src=\"https:\/\/storker.hu\/hrvatski\/wp-content\/uploads\/G-kevero-300x300.jpg\" class=\"wp-image-860 avia-img-lazy-loading-860 attachment-shop_catalog size-shop_catalog wp-post-image\" alt=\"G t\u00edpus\u00fa el\u0151kever\u0151\" loading=\"lazy\" srcset=\"https:\/\/storker.hu\/hrvatski\/wp-content\/uploads\/G-kevero-300x300.jpg 300w, https:\/\/storker.hu\/hrvatski\/wp-content\/uploads\/G-kevero-100x100.jpg 100w, https:\/\/storker.hu\/hrvatski\/wp-content\/uploads\/G-kevero-80x80.jpg 80w, https:\/\/storker.hu\/hrvatski\/wp-content\/uploads\/G-kevero-36x36.jpg 36w, https:\/\/storker.hu\/hrvatski\/wp-content\/uploads\/G-kevero-180x180.jpg 180w\" sizes=\"(max-width: 300px) 100vw, 300px\" \/><span class='cart-loading'><\/span><\/div><div class='inner_product_header'><div class='avia-arrow'><\/div><div class='inner_product_header_table'><div class='inner_product_header_cell'><\/div><\/div><\/div><\/div><\/li>\n\n\t\t\t\n\t\t<\/ul>\n\n\t<\/section>\n\t<\/div><\/div>\n","protected":false},"excerpt":{"rendered":"","protected":false},"featured_media":864,"template":"","meta":[],"product_cat":[41,18,36],"product_tag":[],"_links":{"self":[{"href":"https:\/\/storker.hu\/hrvatski\/wp-json\/wp\/v2\/product\/863"}],"collection":[{"href":"https:\/\/storker.hu\/hrvatski\/wp-json\/wp\/v2\/product"}],"about":[{"href":"https:\/\/storker.hu\/hrvatski\/wp-json\/wp\/v2\/types\/product"}],"wp:featuredmedia":[{"embeddable":true,"href":"https:\/\/storker.hu\/hrvatski\/wp-json\/wp\/v2\/media\/864"}],"wp:attachment":[{"href":"https:\/\/storker.hu\/hrvatski\/wp-json\/wp\/v2\/media?parent=863"}],"wp:term":[{"taxonomy":"product_cat","embeddable":true,"href":"https:\/\/storker.hu\/hrvatski\/wp-json\/wp\/v2\/product_cat?post=863"},{"taxonomy":"product_tag","embeddable":true,"href":"https:\/\/storker.hu\/hrvatski\/wp-json\/wp\/v2\/product_tag?post=863"}],"curies":[{"name":"wp","href":"https:\/\/api.w.org\/{rel}","templated":true}]}}